f k/(-4 - (-52)/12)?
7
Suppose 3*a = -a - 8, 137 = 5*v - a. Let s = -25 + v. Suppose -m + 94 = -n + 2*n, s*n = -5*m + 191. What is the tens digit of n?
9
Let x(r) = -12*r + 3*r - r**2 - 272 + 272. Let w be x(-8). Suppose 4*t - 52 = -n + w*t, -3*t + 71 = 2*n. What is the tens digit of n?
4
Let f(c) = -8*c - 54. Let x be f(-6). What is the units digit of ((-139)/(-2))/((-3)/x)?
9
Let b be (-2)/7 + (-102)/(-14). Let d(q) = q**3 + 28*q**2 + 27*q + 123. Let j be d(-27). Let k = j - b. What is the hundreds digit of k?
1
Suppose 0 = -17*l + 35*l - 290700. What is the hundreds digit of (8/20)/(20/l)?
3
Suppose 13*m + 39*m = 25792. Suppose -4*b = 3*x - 488, -2*x = 4*b - x - m. What is the units digit of b?
5
What is the tens digit of (-166)/747 + 143068/18?
4
Suppose -51 = -2*c - 11. Let i(h) = -h**3 + 21*h**2 - 21*h - 22. Let s be i(c). Let t = s - -87. What is the units digit of t?
5
Let o(u) be the first derivative of -u**3/3 - 17*u**2/2 - 52*u - 278. What is the units digit of o(-7)?
8
Let s be 1*(3 - 4)*(-20)/4. Suppose -3*d + 105 = 2*q, -35 - 153 = -s*d + q. What is the tens digit of d?
3
Suppose 0 = 32*y - 13774 - 26674. What is the tens digit of y?
6
Suppose 406980 = -179*x + 247*x. What is the hundreds digit of x?
9
Let o(g) = 158*g - 263. Let s be o(8). Let k = s - 121. What is the hundreds digit of k?
8
Let b(y) = y**2 - 3*y + 17. Suppose -5*u = 4*t - 50, 9*u + 49 = 3*t + 7*u. Let s be t/1 - (-28)/14. What is the tens digit of b(s)?
5
Suppose 4*k - 680 = -5*z - 1674, -3*z - k = 602. Let m = z + 790. What is the units digit of 5/(-2)*m/(-35)?
2
Let g be (-378)/(-15) - ((-8)/10 + 1). Let j(q) = 8*q**3 - 26*q**3 - 9 + g*q + 10*q**3 + 7*q**3 + 18*q**2. What is the tens digit of j(19)?
0
Let l be 12 + (20/5 - 4). Let q(s) = -s**3 + 12*s**2 + 9*s - 37. What is the tens digit of q(l)?
7
Suppose 0 = f + 2*f + 6, 5*f = -3*q - 7. Let y(h) = 310*h - 3. Let k be y(q). Suppose -w - 3*m = -k, w - 6*w - 4*m + 1480 = 0. What is the hundreds digit of w?
2
Let a(r) = r**3 - 11*r**2 + 19*r - 29. Let k = -545 + 560. What is the thousands digit of a(k)?
1
Let n be 2/(3/(-3 + -6)). Let i(q) = 12*q + 220. What is the units digit of i(n)?
8
Let t(a) = -a**2 - 2*a - 1. Let c be t(-1). Let k be (-39)/(-13) - (13 + c). What is the units digit of (-895)/k - 4/8?
9
Let h = -303 - 164. Let n = h + 825. What is the tens digit of n?
5
What is the thousands digit of (1 - 151755/(-27)) + (-24)/(-54)?
5
Suppose 22*w - 19*w - 5*v = 144968, 3*v - 96677 = -2*w. What is the hundreds digit of w?
3
Let g be 3/4 - (7 - (-275)/(-44)). Suppose 43*m - 56*m + 14157 = g. What is the units digit of m?
9
Let i(o) = 6*o**2 - 3*o**2 + o**3 + 3*o**3 - 4*o**2 - 9. What is the tens digit of i(5)?
6
Suppose -39*r + 29*r + 60 = 0. Let z(f) = 62*f - 29. What is the units digit of z(r)?
3
Let u be -200*1*(-544)/85. Let q = -870 + u. What is the hundreds digit of q?
4
Suppose -1204 = -4*k - 4*i, 5*k + i - 937 = 560. Suppose -756 = -3*x - 2*a - k, -5*a - 571 = -4*x. Let m = x - 58. What is the units digit of m?
1
Let a(i) = 10*i**2 + 57*i + 82. What is the units digit of a(-68)?
6
Suppose 23 - 2 = 3*p. Suppose 4*k = -2*o + p*o - 1311, -o + 5*k + 279 = 0. Let x = o - 87. What is the tens digit of x?
7
What is the thousands digit of 4908/(-9)*1/((-10)/330)?
7
Let s(j) = 4381*j - 9947. What is the units digit of s(6)?
9
Suppose -47*d + 46524 = -193859 + 2422. What is the hundreds digit of d?
0
Let c(x) = -x**3 + 15*x**2 + 19*x - 20. Let z = 40 + -24. Let k be c(z). What is the units digit of (1 + 105)*14/k?
3
Let v = 151508 - 75954. What is the ten thousands digit of v?
7
Suppose 196*c + 224 = 192*c. Let l = 152 + c. What is the tens digit of l?
9
Let n(f) = 4*f. Let i(d) = 11*d + 1. Let k(w) = -2*i(w) + 7*n(w). Let q be k(0). Let h(y) = 18*y**2 + 2*y + 5. What is the tens digit of h(q)?
7
What is the thousands digit of (-4)/10 + 74/10 - (-26 - 4333)?
4
Let k(w) = -2*w**3 - 150*w**2 - 21*w - 263. What is the hundreds digit of k(-76)?
8
Let o(s) = 13*s**3 - 17*s**2 - 14*s + 45. Let g(x) = 11*x**3 - 18*x**2 - 15*x + 45. Let p(k) = 7*g(k) - 6*o(k). What is the units digit of p(-24)?
9
Let v = -47 + 50. Suppose -y - 4*g = 3, -4*y + v*y - 2 = 3*g. Suppose 3*t + y - 178 = 0. What is the units digit of t?
9
Suppose 0 = -2*h + 5*t + 9092, -2*h = -4*t + 2099 - 11189. What is the units digit of h?
1
Let g(a) = -a**3 + 11*a**2 - 2*a + 6. Suppose 16*v + 58 - 218 = 0. Let m be g(v). Suppose -2*j + 33 = -3*i, j - 4*i - m = -4*j. What is the units digit of j?
8
Let h = -47 + 61. Let t = 14 - h. Suppose -560 = -7*w - t*w. What is the units digit of w?
0
Let u(p) = p**3 - 12*p**2 + 21*p + 154. What is the tens digit of u(15)?
4
Let m = 91348 + -53988. What is the thousands digit of m?
7
Let j(h) = -2*h**2 + 23*h + 3887. What is the units digit of j(0)?
7
Let u = -41 - -43. Suppose -u*g - 5 + 11 = 0. Suppose g*c - 77 = 166. What is the units digit of c?
1
Suppose 80*b - 75 = 85*b. Let s(v) be the first derivative of -13*v**2/2 - 12*v + 3. What is the tens digit of s(b)?
8
Suppose -267773 = -5*m + 4*x, -3*m = -x - 32890 - 127785. What is the hundreds digit of m?
5
Let f = 22991 + -9240. What is the tens digit of f?
5
Let k = 1303 + 12672. What is the tens digit of k?
7
Suppose -5*h = 3*v - 694, 0 = 5*v + 4*h - 946 - 189. Let w = v - 145. What is the tens digit of w?
7
Suppose 180 + 126 = 3*m. Suppose 8*u - 82 = m. Let o = u + 37. What is the units digit of o?
0
Let c = -44 - -47. Suppose 0 = -3*y + 4*m - 17, 4*y + m + c + 26 = 0. What is the units digit of -2*((-49)/2)/(-7)*y?
9
Suppose n - 1430 = -259. Suppose 5*g = h + 1465, -h - n = -2*g - 2*g. Suppose -5*x + 2*r = -g, 0*x + x + 5*r = 48. What is the tens digit of x?
5
Let j be (64/(-4))/2*2. Let m(v) = -v**3 - 15*v**2 - 5*v - 23. What is the hundreds digit of m(j)?
3
Suppose 4*d + 5 + 11 = 0, 3*r - d = 3235. Suppose r = 6*x - 747. What is the tens digit of x?
0
What is the hundreds digit of (-30)/(-9)*(-11 + 29944/20)?
9
Let b(l) = -l - 6. Let w be b(-11). Let y be -2*(1 - (-6)/4). What is the units digit of 11 - y/(-25)*w?
0
Let n(q) = 2*q - 3. Let w be n(5). Suppose -w*b = -5*b - 156. What is the units digit of b*(1/9)/(2/6)?
6
Suppose 3657*q = 3653*q + 34700. What is the tens digit of q?
7
Suppose -261 = -3*v + 6*v. Let r = 471 - v. What is the tens digit of r?
5
Let p(x) = x**3 + 33*x**2 - 78*x + 62. What is the units digit of p(-26)?
2
Let d(p) = -p**2 + 4*p + 27. Let o be d(8). Let m(v) = -v**2 - 4*v + 17. Let n be m(o). What is the hundreds digit of ((-3 - -1) + n)*(20 + 0)?
2
Let n(c) = 3*c**2 + 2*c. Let b be n(1). Suppose -5*w + 395 = 7*h - 2*h, -h = b*w - 79. What is the tens digit of h?
7
Suppose 98*l - 2278907 + 86451 = 0. What is the ten thousands digit of l?
2
What is the hundreds digit of (-15 + 47)*(2 - (3 + -431))?
7
Suppose 4*d = 4*c + 24, -2*c - c - 30 = -5*d. Suppose 0 = d*n - 37 + 1. Suppose -416 = -10*v + n*v. What is the units digit of v?
4
Suppose 2*n = -60 + 72. Let q(d) = 2*d**3 - 8*d**2 + 11*d + 17. What is the tens digit of q(n)?
2
Let c(w) = -385*w + 667. What is the thousands digit of c(-23)?
9
Let k(n) = 25*n**2 + 65*n + 663. What is the hundreds digit of k(26)?
2
Let u = 3502 + 1174. What is the hundreds digit of u?
6
Suppose 60*j - 240 - 215 = -35. What is the units digit of j?
7
Let c(x) = 3*x**2 - 426*x - 15. What is the tens digit of c(-7)?
1
Suppose -c + 2*t = -2*c + 108, -2*t = 3*c - 316. Suppose 8*n - 12*n = c. Let d = n - -35. What is the units digit of d?
9
Suppose -h - 505*f = -502*f - 19718, 39472 = 2*h + 2*f. What is the units digit of h?
5
Let q(c) = 4*c + 37. Let v be q(7). Suppose d - 101 = -3*b - d, -2*b + d = -v. Suppose b = l + m, -l - 5*m + 7 = -22. What is the units digit of l?
4
Suppose -2*v = 5*i - 189, 5*v = -23*i + 27*i + 390. Suppose -2*b + 5*w = -731, 251 = b + 4*w - 108. Let q = b - v. What is the units digit of q?
1
Let k = -3555 + 1894. Let c = -1123 - k. What is the units digit of c?
8
Suppose 0 = 6579*u - 6573*u - 17838. What is the thousands digit of u?
2
Suppose 5*b - 7 = -4*n + 25, 4*n = -2*b + 32. Let s(q) be the first derivative of 2*q**3/3 - 13*q**2/2 + 20*q - 1. What is the units digit of s(n)?
4
Suppose -3*m = -15, -3*n - 2*m + 60913 = -65745. What is the tens digit of n?
1
What is the thousan